103
What are the prime factors of 492?
2, 3, 41
What are the prime factors of 3614?
2, 13, 139
List the prime factors of 11043.
3, 409
List the prime factors of 11392.
2, 89
What are the prime factors of 22980?
2, 3, 5, 383
What are the prime factors of 5579?
7, 797
List the prime factors of 14540.
2, 5, 727
What are the prime factors of 664?
2, 83
List the prime factors of 3982.
2, 11, 181
What are the prime factors of 14240?
2, 5, 89
List the prime factors of 3715.
5, 743
List the prime factors of 8201.
59, 139
List the prime factors of 89950.
2, 5, 7, 257
List the prime factors of 59227.
7, 8461
What are the prime factors of 3650?
2, 5, 73
List the prime factors of 53468.
2, 13367
List the prime factors of 3188.
2, 797
List the prime factors of 1169.
7, 167
List the prime factors of 2094.
2, 3, 349
List the prime factors of 797.
797
What are the prime factors of 917?
7, 131
List the prime factors of 1681.
41
List the prime factors of 1847.
1847
List the prime factors of 62781.
3, 17, 1231
List the prime factors of 987.
3, 7, 47
What are the prime factors of 4471?
17, 263
What are the prime factors of 4513?
4513
What are the prime factors of 35030?
2, 5, 31, 113
What are the prime factors of 17608?
2, 31, 71
List the prime factors of 3353.
7, 479
What are the prime factors of 56669?
61, 929
What are the prime factors of 17034?
2, 3, 17, 167
What are the prime factors of 24310?
2, 5, 11, 13, 17
List the prime factors of 1151.
1151
List the prime factors of 2389.
2389
List the prime factors of 569.
569
List the prime factors of 2334.
2, 3, 389
List the prime factors of 3233.
53, 61
What are the prime factors of 997?
997
List the prime factors of 1658.
2, 829
List the prime factors of 6306.
2, 3, 1051
What are the prime factors of 44?
2, 11
List the prime factors of 3131.
31, 101
List the prime factors of 483.
3, 7, 23
List the prime factors of 11486.
2, 5743
What are the prime factors of 45375?
3, 5, 11
List the prime factors of 608.
2, 19
What are the prime factors of 982?
2, 491
What are the prime factors of 955?
5, 191
List the prime factors of 1729.
7, 13, 19
List the prime factors of 849.
3, 283
List the prime factors of 6317.
6317
What are the prime factors of 6622?
2, 7, 11, 43
List the prime factors of 3094.
2, 7, 13, 17
List the prime factors of 21322.
2, 7, 1523
What are the prime factors of 2537?
43, 59
What are the prime factors of 545?
5, 109
List the prime factors of 2261.
7, 17, 19
List the prime factors of 106.
2, 53
What are the prime factors of 4402?
2, 31, 71
What are the prime factors of 5432?
2, 7, 97
List the prime factors of 60988.
2, 79, 193
List the prime factors of 2159.
17, 127
List the prime factors of 949.
13, 73
What are the prime factors of 3419?
13, 263
What are the prime factors of 44903?
83, 541
List the prime factors of 8741.
8741
List the prime factors of 2068.
2, 11, 47
List the prime factors of 5295.
3, 5, 353
List the prime factors of 1742.
2, 13, 67
What are the prime factors of 5409?
3, 601
List the prime factors of 3829.
7, 547
What are the prime factors of 7547?
7547
What are the prime factors of 10281?
3, 23, 149
List the prime factors of 50208.
2, 3, 523
What are the prime factors of 1594?
2, 797
List the prime factors of 68967.
3, 79, 97
What are the prime factors of 703?
19, 37
List the prime factors of 2409.
3, 11, 73
What are the prime factors of 167?
167
List the prime factors of 4694.
2, 2347
List the prime factors of 3798.
2, 3, 211
List the prime factors of 2823.
3, 941
What are the prime factors of 5045?
5, 1009
What are the prime factors of 179?
179
List the prime factors of 25413.
3, 43, 197
List the prime factors of 15464.
2, 1933
What are the prime factors of 979?
11, 89
List the prime factors of 1357.
23, 59
What are the prime factors of 35824?
2, 2239
What are the prime factors of 14018?
2, 43, 163
What are the prime factors of 465?
3, 5, 31
What are the prime factors of 9051?
3, 7, 431
List the prime factors of 4912.
2, 307
What are the prime factors of 25171?
25171
List the prime factors of 378.
2, 3, 7
What are the prime factors of 29444?
2, 17, 433
List the prime factors of 14291.
31, 461
What are the prime factors of 2430?
2, 3, 5
List the prime factors of 3961.
17, 233
List the prime factors of 383.
383
List the prime factors of 17780.
2, 5, 7, 127
List the prime factors of 4205.
5, 29
List the prime factors of 24006.
2, 3, 4001
What are the prime factors of 15465?
3, 5, 1031
What are the prime factors of 280?
2, 5, 7
What are the prime factors of 1275?
3, 5, 17
What are the prime factors of 5000?
2, 5
List the prime factors of 3258.
2, 3, 181
List the prime factors of 1951.
1951
List the prime factors of 10770.
2, 3, 5, 359
What are the prime factors of 40059?
3, 4451
List the prime factors of 38391.
3, 67, 191
What are the prime factors of 1019?
1019
What are the prime factors of 50440?
2, 5, 13, 97
List the prime factors of 765.
3, 5, 17
What are the prime factors of 6229?
6229
What are the prime factors of 3454?
2, 11, 157
What are the prime factors of 2137?
2137
List the prime factors of 51175.
5, 23, 89
List the prime factors of 2036.
2, 509
List the prime factors of 8384.
2, 131
What are the prime factors of 256?
2
What are the prime factors of 13710?
2, 3, 5, 457
What are the prime factors of 2917?
2917
List the prime factors of 17163.
3, 1907
What are the prime factors of 16602?
2, 3, 2767
What are the prime factors of 82500?
2, 3, 5, 11
What are the prime factors of 38155?
5, 13, 587
What are the prime factors of 468?
2, 3, 13
What are the prime factors of 24497?
11, 17, 131
What are the prime factors of 5713?
29, 197
List the prime factors of 709.
709
What are the prime factors of 84?
2, 3, 7
List the prime factors of 736.
2, 23
What are the prime factors of 6316?
2, 1579
List the prime factors of 11577.
3, 17, 227
What are the prime factors of 33637?
33637
List the prime factors of 721.
7, 103
List the prime factors of 104343.
3, 34781
What are the prime factors of 27964?
2, 6991
List the prime factors of 8101.
8101
What are the prime factors of 760?
2, 5, 19
List the prime factors of 8213.
43, 191
What are the prime factors of 20543?
20543
List the prime factors of 8421.
3, 7, 401
List the prime factors of 3156.
2, 3, 263
What are the prime factors of 30257?
79, 383
What are the prime factors of 31868?
2, 31, 257
What are the prime factors of 9312?
2, 3, 97
What are the prime factors of 1752?
2, 3, 73
What are the prime factors of 619?
619
What are the prime factors of 1502?
2, 751
List the prime factors of 1120.
2, 5, 7
What are the prime factors of 11801?
11801
What are the prime factors of 165?
3, 5, 11
List the prime factors of 86332.
2, 113, 191
What are the prime factors of 2676?
2, 3, 223
What are the prime factors of 2841?
3, 947
List the prime factors of 26081.
11, 2371
What are the prime factors of 158?
2, 79
List the prime factors of 13993.
7, 1999
What are the prime factors of 1308?
2, 3, 109
What are the prime factors of 5864?
2, 733
What are the prime factors of 551?
19, 29
List the prime factors of 1320.
2, 3, 5, 11
List the prime factors of 6797.
7, 971
What are the prime factors of 49016?
2, 11, 557
List the prime factors of 14263.
17, 839
List the prime factors of 318.
2, 3, 53
List the prime factors of 108903.
3, 31, 1171
List the prime factors of 6822.
2, 3, 379
List the prime factors of 58020.
2, 3, 5, 967
What are the prime factors of 32798?
2, 23, 31
What are the prime factors of 56432?
2, 3527
List the prime factors of 5724.
2, 3, 53
List the prime factors of 15983.
11, 1453
What are the prime factors of 1618?
2, 809
What are the prime factors of 8462?
2, 4231
List the prime factors of 2493.
3, 277
List the prime factors of 6008.
2, 751
What are the prime factors of 39429?
3, 13, 337
List the prime factors of 1754.
2, 877
What are the prime factors of 2013?
3, 11, 61
List the prime factors of 51509.
19, 2711
What are the prime factors of 7977?
3, 2659
List the prime factors of 311.
311
List the prime factors of 935.
5, 11, 17
List the prime factors of 16730.
2, 5, 7, 239
List the prime factors of 25.
5
What are the prime factors of 847?
7, 11
What are the prime factors of 799?
17, 47
What are the prime factors of 14747?
14747
List the pr